{"version":"1.0","provider_name":"PLUSTRACK_EN","provider_url":"https:\/\/plustrack.at\/en","author_name":"Juan Farias Sedalski","author_url":"https:\/\/plustrack.at\/en\/author\/juan\/","title":"Kick-Off zu \u201eMentoring als Sprungbrett\u201c! - PLUSTRACK_EN","type":"rich","width":600,"height":338,"html":"<blockquote class=\"wp-embedded-content\" data-secret=\"0crvOxKca8\"><a href=\"https:\/\/plustrack.at\/en\/2024\/09\/10\/kick-off-zu-mentoring-als-sprungbrett\/\">Kick-Off zu \u201eMentoring als Sprungbrett\u201c!<\/a><\/blockquote><iframe sandbox=\"allow-scripts\" security=\"restricted\" src=\"https:\/\/plustrack.at\/en\/2024\/09\/10\/kick-off-zu-mentoring-als-sprungbrett\/embed\/#?secret=0crvOxKca8\" width=\"600\" height=\"338\" title=\"&#8220;Kick-Off zu \u201eMentoring als Sprungbrett\u201c!&#8221; &#8212; PLUSTRACK_EN\" data-secret=\"0crvOxKca8\" frameborder=\"0\" marginwidth=\"0\" marginheight=\"0\" scrolling=\"no\" class=\"wp-embedded-content\"><\/iframe><script type=\"text\/javascript\">\n\/* <![CDATA[ *\/\n\/*! This file is auto-generated *\/\n!function(d,l){\"use strict\";l.querySelector&&d.addEventListener&&\"undefined\"!=typeof URL&&(d.wp=d.wp||{},d.wp.receiveEmbedMessage||(d.wp.receiveEmbedMessage=function(e){var t=e.data;if((t||t.secret||t.message||t.value)&&!\/[^a-zA-Z0-9]\/.test(t.secret)){for(var s,r,n,a=l.querySelectorAll('iframe[data-secret=\"'+t.secret+'\"]'),o=l.querySelectorAll('blockquote[data-secret=\"'+t.secret+'\"]'),c=new RegExp(\"^https?:$\",\"i\"),i=0;i<o.length;i++)o[i].style.display=\"none\";for(i=0;i<a.length;i++)s=a[i],e.source===s.contentWindow&&(s.removeAttribute(\"style\"),\"height\"===t.message?(1e3<(r=parseInt(t.value,10))?r=1e3:~~r<200&&(r=200),s.height=r):\"link\"===t.message&&(r=new URL(s.getAttribute(\"src\")),n=new URL(t.value),c.test(n.protocol))&&n.host===r.host&&l.activeElement===s&&(d.top.location.href=t.value))}},d.addEventListener(\"message\",d.wp.receiveEmbedMessage,!1),l.addEventListener(\"DOMContentLoaded\",function(){for(var e,t,s=l.querySelectorAll(\"iframe.wp-embedded-content\"),r=0;r<s.length;r++)(t=(e=s[r]).getAttribute(\"data-secret\"))||(t=Math.random().toString(36).substring(2,12),e.src+=\"#?secret=\"+t,e.setAttribute(\"data-secret\",t)),e.contentWindow.postMessage({message:\"ready\",secret:t},\"*\")},!1)))}(window,document);\n\/* ]]> *\/\n<\/script>\n","thumbnail_url":"https:\/\/plustrack.at\/en\/wp-content\/uploads\/sites\/3\/2024\/09\/pexels-max-fischer-5212656-scaled-1.jpg","thumbnail_width":2560,"thumbnail_height":1706,"description":"Auch dieses Jahr war es wieder soweit - unsere Mentoren und Mentorinnen trafen zum ersten Mal auf die Sch\u00fcler:innen, die sie nun ein ganzes Jahr begleiten werden. Nun k\u00f6nnen sie die gelernte Theorie in die Praxis umsetzen und die individuellen Begabungen der Kinder nachhaltig st\u00e4rken. Das Projekt w\u00e4chst nun bereits seit 9 Jahren und es wird immer gro\u00dfz\u00fcgig vom Vizerektorat f\u00fcr Lehre unterst\u00fctzt!"}

Auch dieses Jahr war es wieder soweit - unsere Mentoren und Mentorinnen trafen zum ersten Mal auf die Schüler:innen, die sie nun ein ganzes Jahr begleiten werden. Nun können sie die gelernte Theorie in die Praxis umsetzen und die individuellen Begabungen der Kinder nachhaltig stärken. Das Projekt wächst nun bereits seit 9 Jahren und es wird immer großzügig vom Vizerektorat für Lehre unterstützt!
